ert 6951 (base 10) to base 6.
52103
What is 111865 (base 9) in base 7?
366320
121202 (base 5) to base 6
33024
What is -13040 (base 6) in base 13?
-b85
What is -101011100101111 (base 2) in base 12?
-10abb
b76 (base 13) to base 11
1519
-320122 (base 4) to base 8
-7032
What is -32524 (base 7) in base 15?
-2637
What is 1413330 (base 5) in base 8?
71037
What is 1111011111101101 (base 2) in base 4?
33133231
What is 67736 (base 9) in base 7?
245253
What is -1187 (base 15) in base 14?
-1503
Convert -3015 (base 6) to base 12.
-46b
What is 12332 (base 10) in base 6?
133032
What is 337 (base 12) in base 16?
1db
-12db (base 14) to base 11
-2557
1335025 (base 6) to base 11
51364
-7b4 (base 14) to base 7
-4314
Convert -4160 (base 8) to base 9.
-2860
What is 1022211002 (base 3) in base 12?
1313b
What is 5b5 (base 13) in base 12?
6a9
Convert 1235 (base 11) to base 6.
11243
2434 (base 6) to base 2
1001010110
1100021 (base 4) to base 6
35425
-1081 (base 11) to base 7
-4066
Convert 56336 (base 9) to base 7.
214125
What is -55103 (base 7) in base 13?
-6365
-9281 (base 12) to base 5
-1002222
-44746 (base 9) to base 15
-8c49
What is -1001110 (base 3) in base 5?
-11033
302323 (base 5) to base 7
40214
16201 (base 7) to base 3
20020211
34131 (base 5) to base 16
970
What is -b216 (base 14) in base 7?
-155126
What is 1729 (base 12) in base 4?
223101
Convert -11100222 (base 3) to base 10.
-3185
Convert 244 (base 7) to base 16.
82
-124422 (base 6) to base 8
-26176
457b (base 16) to base 9
26353
Convert -11303012 (base 4) to base 14.
-8926
What is -1787 (base 12) in base 13?
-13a5
Convert 5cc (base 13) to base 3.
1101112
Convert 405 (base 11) to base 13.
2b8
What is 3443 (base 6) in base 14?
427
Convert 110545 (base 8) to base 14.
d7c9
e5 (base 16) to base 5
1404
65433 (base 7) to base 6
203353
21c6 (base 14) to base 13
2888
What is -14c6 (base 16) in base 6?
-40342
What is -210204 (base 5) in base 8?
-15421
What is -63114 (base 7) in base 8?
-36207
Convert -285 (base 11) to base 8.
-517
What is -11a2 (base 11) in base 2?
-11000011100
-14065 (base 7) to base 11
-2963
-224 (base 5) to base 8
-100
Convert 1040 (base 6) to base 5.
1430
Convert -11110001111 (base 2) to base 13.
-b5b
Convert -2112 (base 6) to base 10.
-476
641 (base 11) to base 3
1001120
What is 90 (base 10) in base 12?
76
Convert a2b4 (base 13) to base 11.
15964
Convert -110100001 (base 2) to base 14.
-21b
11572 (base 10) to base 11
8770
What is 7202 (base 9) in base 12?
306b
Convert -10325 (base 6) to base 11.
-1082
What is 42a (base 16) in base 3?
1110111
What is a7a (base 13) in base 6?
12143
132203 (base 4) to base 12
116b
What is -2804a (base 11) in base 12?
-1b180
Convert 151454 (base 7) to base 16.
72ce
-40141 (base 5) to base 12
-1582
-101000001 (base 2) to base 13
-1b9
What is -22978 (base 10) in base 9?
-34461
What is 1a2 (base 16) in base 5?
3133
Convert -111110011100001 (base 2) to base 16.
-7ce1
What is -10303212 (base 4) in base 2?
-100110011100110
1404 (base 14) to base 15
10a7
What is -1426 (base 13) in base 9?
-3877
Convert c9bb (base 14) to base 6.
425213
Convert -6575 (base 12) to base 13.
-511a
Convert 30135 (base 7) to base 16.
1c6e
What is -48 (base 9) in base 4?
-230
What is -20 (base 5) in base 15?
-a
527 (base 8) to base 7
1000
397 (base 12) to base 8
1043
What is 20030 (base 5) in base 3?
1201212
-1111102 (base 3) to base 12
-76b
39e7 (base 15) to base 4
3001033
-3585 (base 16) to base 14
-4dc9
-12d (base 16) to base 14
-177
25a8 (base 12) to base 9
5812
What is -520133 (base 6) in base 14?
-111c5
What is -10201 (base 3) in base 7?
-202
What is 43431 (base 5) in base 7?
11502
What is -20044 (base 5) in base 10?
-1274
Convert -1224 (base 7) to base 11.
-388
13787 (base 11) to base 9
28761
Convert -111 (base 13) to base 5.
-1213
What is 1243 (base 5) in base 15?
d3
100022 (base 3) to base 16
fb
101005 (base 6) to base 8
17475
-13276 (base 10) to base 12
-7824
Convert 1242 (base 11) to base 9.
2188
101000001101 (base 2) to base 4
220031
-612 (base 14) to base 15
-547
236 (base 12) to base 8
512
-4461 (base 7) to base 3
-2012200
79b3 (base 13) to base 10
17046
-354 (base 15) to base 16
-2f2
What is 25c (base 16) in base 8?
1134
What is -102020102 (base 3) in base 2?
-10000000000000
7132 (base 8) to base 15
114e
What is -6713 (base 16) in base 5?
-1321022
36315 (base 8) to base 10
15565
What is -2195 (base 14) in base 7?
-22645
-713 (base 10) to base 6
-3145
Convert -1011212 (base 3) to base 5.
-11420
What is 89a (base 12) in base 13?
769
-1b72 (base 13) to base 14
-1725
What is -3003 (base 6) in base 3?
-220010
-b5b (base 12) to base 11
-1275
What is 1c35 (base 13) in base 5?
114034
Convert 111320 (base 4) to base 10.
1400
174 (base 15) to base 5
2314
Convert 20151 (base 6) to base 5.
41114
What is -56152 (base 7) in base 15?
-42d4
Convert 1011011100 (base 2) to base 10.
732
What is 5129 (base 11) in base 16?
1a97
What is 721 (base 10) in base 5?
10341
Convert -5405 (base 7) to base 12.
-1138
What is 7 (base 10) in base 5?
12
Convert 101010 (base 2) to base 14.
30
-5243 (base 13) to base 9
-16542
18210 (base 10) to base 9
26873
Convert 2d6 (base 14) to base 12.
404
Convert -3da1 (base 14) to base 7.
-43561
What is 23f1 (base 16) in base 5?
243301
What is -b5c (base 14) in base 4?
-202332
-1200122220 (base 3) to base 12
-17320
164053 (base 7) to base 11
22568
Convert -100200021 (base 3) to base 16.
-1b8e
5111 (base 8) to base 6
20105
-b60 (base 12) to base 9
-2240
What is 16428 (base 9) in base 5?
330120
Convert 125 (base 10) to base 13.
98
1675 (base 11) to base 7
6144
What is -1760 (base 8) in base 10?
-1008
Convert -2222012 (base 5) to base 10.
-39007
What is 23714 (base 9) in base 11?
10a35
-12212 (base 7) to base 8
-6172
101112 (base 3) to base 8
434
Convert 6422 (base 9) to base 14.
1a10
Convert 13514 (base 6) to base 5.
32014
Convert -7b73 (base 15) to base 12.
-13200
Convert 655a (base 11) to base 8.
20720
Convert 20311103 (base 4) to base 6.
435255
2c48 (base 14) to base 8
17340
Convert -644 (base 8) to base 4.
-12210
Convert 22c8 (base 15) to base 2.
1110011011100
41 (base 14) to base 13
45
Convert 8190 (base 12) to base 15.
4286
a072 (base 15) to base 2
1000010001000001
What is 2102101 (base 3) in base 5?
24030
134220 (base 5) to base 14
2052
Convert -3693 (base 12) to base 10.
-6159
Convert -663 (base 13) to base 15.
-4d0
-11310000 (base 4) to base 14
-8968
-9315 (base 10) to base 2
-10010001100011
What is 634 (base 12) in base 13?
547
What is -3504 (base 7) in base 8?
-2376
What is 335a (base 11) in base 3?
20001202
What is 52634 (base 8) in base 13?
9c8b
Convert -13032 (base 5) to base 6.
-4413
2b49 (base 12) to base 9
6883
-546 (base 11) to base 16
-28f
2032 (base 15) to base 8
15215
What is -10110212 (base 3) in base 16?
-9e6
What is -2174 (base 10) in base 9?
-2875
What is -218 (base 14) in base 11?
-347
Convert -2206 (base 8) to base 3.
-1120220
21022022 (base 3) to base 15
18a2
Convert 811 (base 12) to base 9.
1534
1610 (base 8) to base 6
4104
4335 (base 7) to base 11
1185
60d (base 16) to base 14
7c9
What is 1222002000 (base 3) in base 2?
1001011100100011
Convert -111010001 (base 2) to base 5.
-3330
Convert -330 (base 5) to base 10.
-90
Convert -23502 (base 10) to base 9.
-35213
What is -a63 (base 11) in base 13?
-775
What is 221210 (base 3) in base 16?
2b8
What is 13211 (base 4) in base 6?
2125
232402 (base 5) to base 16
211d
Convert -331140 (base 5) to base 4.
-2302130
470 (base 11) to base 12
3a9
Convert 23010 (base 8) to base 7.
40246
96 (base 12) to base 6
310
1401 (base 9) to base 3
1110001
93e (base 16) to base 7
6620
Convert -16517 (base 9) to base 10.
-11356
Convert 110010010110 (base 2) to base 4.
302112
Convert -35035 (base 8) to base 14.
-55c9
64270 (base 8) to base 5
1324213
Convert -674 (base 8) to base 11.
-374
Convert 101011002 (base 3) to base 8.
16350
-1626 (base 11) to base 4
-200211
Convert 112411 (base 6) to base 9.
14217
What is -44220 (base 5) in base 15?
-d90
What is 814 (base 9) in base 15?
2e1
Convert 386 (base 13) to base 8.
1151
1b8 (base 15) to base 4
12032
What is -1206 (base 13) in base 3?
-10111010
What is a1 (base 16) in base 11?
137
Convert a1 (base 12) to base 3.
11111
What is 22052 (base 6) in base 12?
1928
Convert -84a (base 13)